7 = -41. Calculate the highest common divisor of v and c.
16
Suppose 0*g + 278 = 3*g - 2*k, 5*g + 2*k = 490. Calculate the greatest common divisor of g and 132.
12
Let o = 275 + -27. Let f(g) = -g**3 - 12*g**2 + 6*g + 218. Let m be f(-11). Calculate the greatest common divisor of o and m.
31
Let y be (140/65 - 2) + 6600/195. Let x be 171 - 1/(1/1). What is the greatest common factor of x and y?
34
Let m be -4 + (-2)/3 - (-4)/6. Let n be (4/6)/(m/(-6)). Calculate the greatest common factor of n and 2.
1
Let m be (-642)/(-8) - ((-24)/32 - -1). Calculate the greatest common divisor of m and 16.
16
Let q(u) = u + 17. Let y be q(-14). What is the highest common factor of 6 and y?
3
Let d(h) = -5*h + 22. Let t be d(4). Suppose 3*p + 11 = -5*n, t*n - 6*n - 28 = -4*p. What is the highest common factor of p and 27?
3
Suppose 417 = -51*u + 54*u. Let r = 348 - u. Let c(n) = -4*n - 5. Let a be c(-6). Calculate the greatest common divisor of r and a.
19
Suppose 5*r + 22 + 58 = 0. Let n be (r/20)/((-4)/250). Let f be 5*(12 + -11 + -4 + 28). What is the greatest common factor of n and f?
25
Let o(w) = -2*w + 23. Let z be o(8). Suppose -143 = -z*v + 32. What is the highest common divisor of v and 5?
5
Let s = -42 + 24. Let v = -4 - s. Calculate the greatest common divisor of v and 126.
14
Let u be (-6)/9*(-93)/2. Let m = -30 + u. Let h be 2 - (4 + -4) - m. Calculate the greatest common divisor of 5 and h.
1
Suppose 4*z + 7 = 2*z - 3*p, -5*p + 39 = -3*z. Let w = z - -18. What is the highest common divisor of 30 and w?
10
Let d = 8 - 0. Suppose 0 = -v + 92 - 68. Calculate the greatest common factor of v and d.
8
Let k be (-354)/(-10) + (-238)/595. Calculate the greatest common divisor of k and 4340.
35
Let y(q) = 11 - 6*q - 12*q + 2*q**2 + 30*q. Let k be y(-7). Let z = 412 + -262. Calculate the greatest common factor of k and z.
25
Let b(h) = h - 2. Let q be b(6). Suppose -5*z + 64 + 166 = 0. Suppose -5*w = -3*o - w + 64, 0 = -2*o + 2*w + z. Calculate the highest common factor of q and o.
4
Let b(f) = 10*f + 19. Let g be b(3). Let n(o) = 5*o**2 - 13*o + 22. Let r be n(10). Calculate the greatest common factor of g and r.
49
Let s = 206 - 192. What is the highest common factor of 21 and s?
7
Let i = -1862 + 3254. What is the greatest common factor of 48 and i?
48
Let x(j) = j**3 + 4*j**2 + 31*j + 96. Let r be x(-3). Calculate the highest common divisor of 84 and r.
12
Let x(u) = -1 + u + 2*u - 2*u. Let s(d) = -6*d - 10. Let p(l) = s(l) - 5*x(l). Let g be p(-5). Calculate the greatest common factor of g and 10.
10
Suppose -3*h = 143 + 28. Let z = 11 - h. What is the highest common factor of z and 17?
17
Let d(v) = 2*v**2 + 9*v + 28. Let a be d(-8). What is the highest common factor of 210 and a?
42
Suppose -21 = 4*c - 1. Let b(t) = t**3 + 6*t**2 + 3*t - 1. Let s be b(c). Let j = -34 - -97. What is the highest common divisor of j and s?
9
Suppose 0 = 3*o - 34*p + 30*p - 124, 0 = -4*o - 5*p + 217. Calculate the highest common factor of 18 and o.
6
Suppose 0 = -5*i + 2*d - 550, -i + d + d = 110. Let o = i - -146. What is the highest common factor of o and 9?
9
Let q = -1643 + 2627. Calculate the highest common factor of q and 41.
41
Suppose 14*n - 15*n - 3*c = -13, 4*n + 4*c - 84 = 0. Let w(k) = k**3 - k**2 + k + 225. Let f be w(0). Calculate the highest common factor of n and f.
25
Let n(q) = 3*q**3 - 29*q**2 - 8*q - 22. Let c be n(11). What is the greatest common divisor of 34 and c?
34
Let s(u) = 5*u - 5. Let d be s(3). Let a be (-6)/4*-43 - d/(-20). Let y(w) = w**3 - w + 2. Let n be y(3). Calculate the highest common divisor of a and n.
13
Suppose 2*s - 3*c = 11, 2*s - 7*s - 5*c = 35. Let u be (-55)/s + 12/(-8). Calculate the highest common factor of 234 and u.
26
Let n = -199 - -221. What is the greatest common factor of 121 and n?
11
Let r be (6/3 - 2)/1. Let k(v) = 2*v + 29. Let n be k(r). Calculate the greatest common factor of 87 and n.
29
Suppose 14*k - 7704 = 5*k. Calculate the greatest common factor of k and 8.
8
Suppose -7*j + 90 = -2*j. Let u be (-6275)/(-75) + -1 + (-14)/(-6). Let k = u - 83. What is the highest common factor of k and j?
2
Let q be 11 - 1/(-1 - 0). Let c(j) = -19*j - 180. Let z be c(-12). Calculate the highest common factor of z and q.
12
Let r = -36 + 68. Let u = r - 28. Suppose 3*h + 30 = 3*k, 1 + u = -k + 4*h. What is the highest common divisor of 60 and k?
15
Suppose 0 = 5*u - 10*u + 495. Calculate the highest common divisor of 36 and u.
9
Suppose 0 = s - i, -2*i + 7 = -1. Let q(z) = -1. Let a(t) = -6*t - 8. Let l(m) = a(m) - 4*q(m). Let u be l(-4). What is the greatest common divisor of u and s?
4
Let m be (-40)/180 + 2*292/36. Calculate the greatest common factor of m and 232.
8
Suppose 167 + 68 = g. What is the highest common factor of g and 141?
47
Let q(f) = -9*f**3 - 2*f**2 - f. Let b be q(-1). Let j = 225 + -161. Let a = 104 - j. Calculate the greatest common divisor of b and a.
8
Suppose 3*h = 12, -n + 74 = -5*h + 82. Calculate the highest common divisor of 516 and n.
12
Let s = 212 + -188. Calculate the highest common factor of s and 108.
12
Suppose 0 = 59*w - 51*w - 11800. What is the highest common divisor of 75 and w?
25
Let m = -99 + 147. Suppose 10*j - 228 = -9*j. What is the highest common divisor of m and j?
12
Let j be (-6)/(-10) + (-6)/10. Let i(g) = 16*g + 176 - 29*g + 15*g. Let h be i(j). What is the highest common factor of h and 22?
22
Let s(m) = 2*m**2 + 100*m + 32. Let l be s(-50). What is the highest common factor of 3 and l?
1
Let s = 89 - 84. Suppose -2*l = -4*i - 225 - 339, -i = s. Calculate the highest common divisor of 34 and l.
34
Suppose -4*p - 137 = 3*d - 194, -3*d - 5*p = -54. What is the greatest common factor of 322 and d?
23
Let r be (-4 + 7 + 0)*165/99. Suppose 4*q - 104 + 4 = 0. What is the greatest common factor of r and q?
5
Let y be (2 + -1)*(-3 + 31 + 2). What is the greatest common divisor of 555 and y?
15
Let g(i) = i**3 + 0*i**3 + 5*i - i**2 + 5 - 1 + 9*i**2. Let w = -15 + 8. Let u be g(w). Calculate the highest common factor of 72 and u.
18
Let g(r) = 3*r**2 + 38*r + 13. Let l be g(-14). Calculate the highest common factor of 483 and l.
69
Let p = 92 - 36. Suppose 21 + p = 11*u. Calculate the greatest common divisor of 77 and u.
7
Let z(n) = 4*n**2 + 8*n + 21. Let q be z(-3). Calculate the highest common factor of 99 and q.
33
Suppose -7*g = -3*g + 884. Let a be (-1)/5 - g/5. Let x = 28 + -17. Calculate the highest common divisor of x and a.
11
Let p(a) = a + 7. Let c be p(-3). Let v be c/(-22) - (-68)/11. Calculate the greatest common divisor of v and 48.
6
Let z(a) = -3*a - 8. Let u be z(-3). Suppose -3 - u = 4*n, -p = -5*n - 9. Calculate the greatest common factor of p and 6.
2
Let y be -4 - (-5 + -1) - 79. Let x be 2/14 + (-15235)/y. Suppose -2*q + 3*a = q - x, 4*q - 300 = -5*a. What is the highest common divisor of 10 and q?
10
Let w(i) = 15*i + 1. Let y be w(3). Suppose 2*g - 2*v - y = 6*g, 5*g + 5*v = -60. Let t = g + 20. What is the greatest common divisor of t and 81?
9
Suppose -2*y - 28 - 84 = 0. Let t = y + 95. What is the greatest common divisor of t and 195?
39
Let r(m) = -m**3 - m**2 + 4*m + 3. Let c be r(-3). Let s = c - -3. Calculate the greatest common factor of s and 84.
12
Let g = 4 - 388. Let m be ((-2)/4)/(12/g). What is the highest common divisor of m and 24?
8
Let u = 62 - 5. Let t = -53 + u. What is the highest common factor of 36 and t?
4
Suppose 2*q - 34 = -3*z, 0 = 19*q - 22*q + 2*z + 38. What is the highest common divisor of q and 7?
7
Let d be (-1 + (-12)/(-20))/((-2)/50). Suppose -m + 233 = -d. What is the highest common factor of 27 and m?
27
Let s be (3/6)/(1/10). Suppose -3*o = f + o - 38, -s*o = 5. Calculate the highest common factor of f and 6.
6
Suppose 2773 = 43*v + 795. Let r = 5 + 455. Calculate the highest common factor of r and v.
46
Let k = 582 + -554. Calculate the greatest common factor of 105 and k.
7
Suppose -2*j - j = 0. Let b be (-1 + j)*(-150)/5. Let s be 40/3*3/2. What is the greatest common divisor of b and s?
10
Let z be (-30)/(3 + (-21)/6). Suppose v + 4*v = z. What is the greatest common divisor of v and 48?
12
Let p = -9 - -13. Let w(n) = -4 + 17*n**2 + 15*n + n - 19 - 18*n**2. Let a be w(11). Calculate the greatest common fa